{"id":1087,"date":"2019-09-17T20:12:36","date_gmt":"2019-09-17T18:12:36","guid":{"rendered":"http:\/\/www.ambuflex.de\/?page_id=1087"},"modified":"2019-09-17T20:21:18","modified_gmt":"2019-09-17T18:21:18","slug":"paedagogische-module","status":"publish","type":"page","link":"https:\/\/www.ambuflex.de\/?page_id=1087","title":{"rendered":"P\u00e4dagogische Module"},"content":{"rendered":"<div id=\"ez-toc-container\" class=\"ez-toc-v2_0_69_1 counter-hierarchy ez-toc-counter ez-toc-grey ez-toc-container-direction\">\n<div class=\"ez-toc-title-container\"><p class=\"ez-toc-title\">Inhalt<\/p>\n<\/div><nav><ul class='ez-toc-list ez-toc-list-level-1 ' ><li class='ez-toc-page-1 ez-toc-heading-level-2'><a class=\"ez-toc-link ez-toc-heading-1\" href=\"https:\/\/www.ambuflex.de\/?page_id=1087\/#Soziales_Kompetenztraining\" title=\"Soziales Kompetenztraining\">Soziales Kompetenztraining<\/a><ul class='ez-toc-list-level-3' ><li class='ez-toc-heading-level-3'><a class=\"ez-toc-link ez-toc-heading-2\" href=\"https:\/\/www.ambuflex.de\/?page_id=1087\/#Zielgruppen\" title=\"Zielgruppen\">Zielgruppen<\/a><\/li><li class='ez-toc-page-1 ez-toc-heading-level-3'><a class=\"ez-toc-link ez-toc-heading-3\" href=\"https:\/\/www.ambuflex.de\/?page_id=1087\/#Betreuungsrahmen\" title=\"Betreuungsrahmen\">Betreuungsrahmen<\/a><\/li><li class='ez-toc-page-1 ez-toc-heading-level-3'><a class=\"ez-toc-link ez-toc-heading-4\" href=\"https:\/\/www.ambuflex.de\/?page_id=1087\/#Ziele_des_Leistungsangebots\" title=\"Ziele des Leistungsangebots\">Ziele des Leistungsangebots<\/a><\/li><\/ul><\/li><li class='ez-toc-page-1 ez-toc-heading-level-2'><a class=\"ez-toc-link ez-toc-heading-5\" href=\"https:\/\/www.ambuflex.de\/?page_id=1087\/#Ambulantes_Clearing\" title=\"Ambulantes Clearing\">Ambulantes Clearing<\/a><ul class='ez-toc-list-level-3' ><li class='ez-toc-heading-level-3'><a class=\"ez-toc-link ez-toc-heading-6\" href=\"https:\/\/www.ambuflex.de\/?page_id=1087\/#Gesetzliche_Grundlage_und_Zielgruppe\" title=\"Gesetzliche Grundlage und Zielgruppe\">Gesetzliche Grundlage und Zielgruppe<\/a><\/li><li class='ez-toc-page-1 ez-toc-heading-level-3'><a class=\"ez-toc-link ez-toc-heading-7\" href=\"https:\/\/www.ambuflex.de\/?page_id=1087\/#Personal_und_Betreuungsrahmen\" title=\"Personal und Betreuungsrahmen\">Personal und Betreuungsrahmen<\/a><\/li><\/ul><\/li><\/ul><\/nav><\/div>\n<h2><span class=\"ez-toc-section\" id=\"Soziales_Kompetenztraining\"><\/span>Soziales Kompetenztraining<span class=\"ez-toc-section-end\"><\/span><\/h2>\n<h3><span class=\"ez-toc-section\" id=\"Zielgruppen\"><\/span>Zielgruppen<span class=\"ez-toc-section-end\"><\/span><\/h3>\n<p>Teilnehmende Kinder und Jugendliche werden altersgerecht unterteilt:<\/p>\n<ul>\n<li>Kinder von 6-8 Jahren<\/li>\n<li style=\"list-style-type: none;\"><\/li>\n<li>9-12 Jahren<\/li>\n<li>Kinder\/Jugendliche von 13-15 Jahren<\/li>\n<li>Jugendliche\/junge Erwachsene von 16-18 Jahren<\/li>\n<\/ul>\n<h3><span class=\"ez-toc-section\" id=\"Betreuungsrahmen\"><\/span>Betreuungsrahmen<span class=\"ez-toc-section-end\"><\/span><\/h3>\n<p>Es ist uns wichtig, dynamische Prozesse der Unterst\u00fctzung, des Mutmachens und Verstehens in der Gruppe zu fordern und zu f\u00f6rdern.<br \/>\nDurch Angebote aus der Psychomotorik, der Erlebnisp\u00e4dagogik und der Theaterp\u00e4dagogik lernen die Kinder und Jugendlichen sich in sozialen Situationen sicherer zu f\u00fchlen und sich angemessen zu verhalten.<\/p>\n<h3><span class=\"ez-toc-section\" id=\"Ziele_des_Leistungsangebots\"><\/span>Ziele des Leistungsangebots<span class=\"ez-toc-section-end\"><\/span><\/h3>\n<p>\u2022 Emotionswahrnehmung und Regulation<br \/>\n\u2022 Ad\u00e4quater Umgang mit Beziehungen<br \/>\n\u2022 Selbst- und Fremdwahrnehmung<br \/>\n\u2022 Sich abgrenzen k\u00f6nnen<br \/>\n\u2022 Probleml\u00f6sungsstrategien und Handlungskompetenzen erlangen<br \/>\n\u2022 Selbstunsicheres Verhalten wahrnehmen und ver\u00e4ndern<\/p>\n<h2><span class=\"ez-toc-section\" id=\"Ambulantes_Clearing\"><\/span>Ambulantes Clearing<span class=\"ez-toc-section-end\"><\/span><\/h2>\n<h3><span class=\"ez-toc-section\" id=\"Gesetzliche_Grundlage_und_Zielgruppe\"><\/span>Gesetzliche Grundlage und Zielgruppe<span class=\"ez-toc-section-end\"><\/span><\/h3>\n<p>Das ambulante Clearing (SGB VIII \u00a727) als Hilfe zur Erziehung ist ein Angebot f\u00fcr Familien, bei denen noch unklare Bedarfslagen zur Unterst\u00fctzung bez\u00fcglich Hilfen zur Erziehung bestehen.<\/p>\n<h3><span class=\"ez-toc-section\" id=\"Personal_und_Betreuungsrahmen\"><\/span>Personal und Betreuungsrahmen<span class=\"ez-toc-section-end\"><\/span><\/h3>\n<p>Unsere Fachkr\u00e4fte bieten eine Beratung und Begleitung zur Kl\u00e4rung der famili\u00e4ren Bedarfs- und Unterst\u00fctzungsproblematik und die Erarbeitung eines Hilfekonzeptes gemeinsam mit der Familie. Das Clearing ist befristet im Umfang von 8 oder 12 Wochen. Die Clearinghilfe wird durch das zust\u00e4ndige Jugendamt eingesetzt.<\/p>\n","protected":false},"excerpt":{"rendered":"<p>Soziales Kompetenztraining Zielgruppen Teilnehmende Kinder und Jugendliche werden altersgerecht unterteilt: Kinder von 6-8 Jahren 9-12 Jahren Kinder\/Jugendliche von 13-15 Jahren Jugendliche\/junge Erwachsene von 16-18 Jahren Betreuungsrahmen Es ist uns wichtig, dynamische Prozesse der Unterst\u00fctzung, des Mutmachens und Verstehens in der Gruppe zu fordern und zu f\u00f6rdern. Durch Angebote aus der Psychomotorik, der Erlebnisp\u00e4dagogik und der &hellip; <a href=\"https:\/\/www.ambuflex.de\/?page_id=1087\" class=\"more-link\"><span class=\"screen-reader-text\">\u201eP\u00e4dagogische Module\u201c<\/span> weiterlesen<\/a><\/p>\n","protected":false},"author":1,"featured_media":1089,"parent":13,"menu_order":0,"comment_status":"closed","ping_status":"closed","template":"","meta":{"footnotes":""},"class_list":["post-1087","page","type-page","status-publish","has-post-thumbnail","hentry"],"_links":{"self":[{"href":"https:\/\/www.ambuflex.de\/index.php?rest_route=\/wp\/v2\/pages\/1087","targetHints":{"allow":["GET"]}}],"collection":[{"href":"https:\/\/www.ambuflex.de\/index.php?rest_route=\/wp\/v2\/pages"}],"about":[{"href":"https:\/\/www.ambuflex.de\/index.php?rest_route=\/wp\/v2\/types\/page"}],"author":[{"embeddable":true,"href":"https:\/\/www.ambuflex.de\/index.php?rest_route=\/wp\/v2\/users\/1"}],"replies":[{"embeddable":true,"href":"https:\/\/www.ambuflex.de\/index.php?rest_route=%2Fwp%2Fv2%2Fcomments&post=1087"}],"version-history":[{"count":3,"href":"https:\/\/www.ambuflex.de\/index.php?rest_route=\/wp\/v2\/pages\/1087\/revisions"}],"predecessor-version":[{"id":1091,"href":"https:\/\/www.ambuflex.de\/index.php?rest_route=\/wp\/v2\/pages\/1087\/revisions\/1091"}],"up":[{"embeddable":true,"href":"https:\/\/www.ambuflex.de\/index.php?rest_route=\/wp\/v2\/pages\/13"}],"wp:featuredmedia":[{"embeddable":true,"href":"https:\/\/www.ambuflex.de\/index.php?rest_route=\/wp\/v2\/media\/1089"}],"wp:attachment":[{"href":"https:\/\/www.ambuflex.de\/index.php?rest_route=%2Fwp%2Fv2%2Fmedia&parent=1087"}],"curies":[{"name":"wp","href":"https:\/\/api.w.org\/{rel}","templated":true}]}}

Pädagogische Module

<div id="ez-toc-container" class="ez-toc-v2_0_69_1 counter-hierarchy ez-toc-counter ez-toc-grey ez-toc-container-direction">
<div class="ez-toc-title-container"><p class="ez-toc-title">Inhalt</p>
</div><nav><ul class='ez-toc-list ez-toc-list-level-1 ' ><li class='ez-toc-page-1 ez-toc-heading-level-2'><a class="ez-toc-link ez-toc-heading-1" href="https://www.ambuflex.de/?page_id=1087/#Soziales_Kompetenztraining" title="Soziales Kompetenztraining">Soziales Kompetenztraining</a><ul class='ez-toc-list-level-3' ><li class='ez-toc-heading-level-3'><a class="ez-toc-link ez-toc-heading-2" href="https://www.ambuflex.de/?page_id=1087/#Zielgruppen" title="Zielgruppen">Zielgruppen</a></li><li class='ez-toc-page-1 ez-toc-heading-level-3'><a class="ez-toc-link ez-toc-heading-3" href="https://www.ambuflex.de/?page_id=1087/#Betreuungsrahmen" title="Betreuungsrahmen">Betreuungsrahmen</a></li><li class='ez-toc-page-1 ez-toc-heading-level-3'><a class="ez-toc-link ez-toc-heading-4" href="https://www.ambuflex.de/?page_id=1087/#Ziele_des_Leistungsangebots" title="Ziele des Leistungsangebots">Ziele des Leistungsangebots</a></li></ul></li><li class='ez-toc-page-1 ez-toc-heading-level-2'><a class="ez-toc-link ez-toc-heading-5" href="https://www.ambuflex.de/?page_id=1087/#Ambulantes_Clearing" title="Ambulantes Clearing">Ambulantes Clearing</a><ul class='ez-toc-list-level-3' ><li class='ez-toc-heading-level-3'><a class="ez-toc-link ez-toc-heading-6" href="https://www.ambuflex.de/?page_id=1087/#Gesetzliche_Grundlage_und_Zielgruppe" title="Gesetzliche Grundlage und Zielgruppe">Gesetzliche Grundlage und Zielgruppe</a></li><li class='ez-toc-page-1 ez-toc-heading-level-3'><a class="ez-toc-link ez-toc-heading-7" href="https://www.ambuflex.de/?page_id=1087/#Personal_und_Betreuungsrahmen" title="Personal und Betreuungsrahmen">Personal und Betreuungsrahmen</a></li></ul></li></ul></nav></div>
<h2><span class="ez-toc-section" id="Soziales_Kompetenztraining"></span>Soziales Kompetenztraining<span class="ez-toc-section-end"></span></h2>
<h3><span class="ez-toc-section" id="Zielgruppen"></span>Zielgruppen<span class="ez-toc-section-end"></span></h3>
<p>Teilnehmende Kinder und Jugendliche werden altersgerecht unterteilt:</p>
<ul>
<li>Kinder von 6-8 Jahren</li>
<li style="list-style-type: none;"></li>
<li>9-12 Jahren</li>
<li>Kinder/Jugendliche von 13-15 Jahren</li>
<li>Jugendliche/junge Erwachsene von 16-18 Jahren</li>
</ul>
<h3><span class="ez-toc-section" id="Betreuungsrahmen"></span>Betreuungsrahmen<span class="ez-toc-section-end"></span></h3>
<p>Es ist uns wichtig, dynamische Prozesse der Unterstützung, des Mutmachens und Verstehens in der Gruppe zu fordern und zu fördern.<br />
Durch Angebote aus der Psychomotorik, der Erlebnispädagogik und der Theaterpädagogik lernen die Kinder und Jugendlichen sich in sozialen Situationen sicherer zu fühlen und sich angemessen zu verhalten.</p>
<h3><span class="ez-toc-section" id="Ziele_des_Leistungsangebots"></span>Ziele des Leistungsangebots<span class="ez-toc-section-end"></span></h3>
<p>• Emotionswahrnehmung und Regulation<br />
• Adäquater Umgang mit Beziehungen<br />
• Selbst- und Fremdwahrnehmung<br />
• Sich abgrenzen können<br />
• Problemlösungsstrategien und Handlungskompetenzen erlangen<br />
• Selbstunsicheres Verhalten wahrnehmen und verändern</p>
<h2><span class="ez-toc-section" id="Ambulantes_Clearing"></span>Ambulantes Clearing<span class="ez-toc-section-end"></span></h2>
<h3><span class="ez-toc-section" id="Gesetzliche_Grundlage_und_Zielgruppe"></span>Gesetzliche Grundlage und Zielgruppe<span class="ez-toc-section-end"></span></h3>
<p>Das ambulante Clearing (SGB VIII §27) als Hilfe zur Erziehung ist ein Angebot für Familien, bei denen noch unklare Bedarfslagen zur Unterstützung bezüglich Hilfen zur Erziehung bestehen.</p>
<h3><span class="ez-toc-section" id="Personal_und_Betreuungsrahmen"></span>Personal und Betreuungsrahmen<span class="ez-toc-section-end"></span></h3>
<p>Unsere Fachkräfte bieten eine Beratung und Begleitung zur Klärung der familiären Bedarfs- und Unterstützungsproblematik und die Erarbeitung eines Hilfekonzeptes gemeinsam mit der Familie. Das Clearing ist befristet im Umfang von 8 oder 12 Wochen. Die Clearinghilfe wird durch das zuständige Jugendamt eingesetzt.</p>

<p>Soziales Kompetenztraining Zielgruppen Teilnehmende Kinder und Jugendliche werden altersgerecht unterteilt: Kinder von 6-8 Jahren 9-12 Jahren Kinder/Jugendliche von 13-15 Jahren Jugendliche/junge Erwachsene von 16-18 Jahren Betreuungsrahmen Es ist uns wichtig, dynamische Prozesse der Unterstützung, des Mutmachens und Verstehens in der Gruppe zu fordern und zu fördern. Durch Angebote aus der Psychomotorik, der Erlebnispädagogik und der &hellip; <a href="https://www.ambuflex.de/?page_id=1087" class="more-link"><span class="screen-reader-text">„Pädagogische Module“</span> weiterlesen</a></p>
